{"id":116,"date":"2025-07-10T10:40:17","date_gmt":"2025-07-10T10:40:17","guid":{"rendered":"https:\/\/hasaasistencial.com\/?page_id=116"},"modified":"2025-07-11T12:52:45","modified_gmt":"2025-07-11T12:52:45","slug":"canal-de-denuncias","status":"publish","type":"page","link":"https:\/\/hasaasistencial.com\/?page_id=116","title":{"rendered":"Canal de Denuncias"},"content":{"rendered":"<p>[et_pb_section fb_built=\u00bb1&#8243; _builder_version=\u00bb4.27.4&#8243; _module_preset=\u00bbdefault\u00bb background_color=\u00bb#303180&#8243; custom_margin=\u00bb0px||0px||false|false\u00bb custom_padding=\u00bb0px||0px||false|false\u00bb global_colors_info=\u00bb{}\u00bb][et_pb_row _builder_version=\u00bb4.27.4&#8243; _module_preset=\u00bbdefault\u00bb global_colors_info=\u00bb{}\u00bb][et_pb_column type=\u00bb4_4&#8243; _builder_version=\u00bb4.27.4&#8243; _module_preset=\u00bbdefault\u00bb global_colors_info=\u00bb{}\u00bb][et_pb_text _builder_version=\u00bb4.27.4&#8243; _module_preset=\u00bbdefault\u00bb header_font=\u00bb|700|||||||\u00bb header_text_color=\u00bb#E02B20&#8243; global_colors_info=\u00bb{}\u00bb]<\/p>\n<h1>Canal de Denuncias<\/h1>\n<p>[\/et_pb_text][\/et_pb_column][\/et_pb_row][\/et_pb_section][et_pb_section fb_built=\u00bb1&#8243; _builder_version=\u00bb4.27.4&#8243; _module_preset=\u00bbdefault\u00bb background_image=\u00bbhttps:\/\/hasaasistencial.com\/wp-content\/uploads\/2025\/07\/13684518_5329445-scaled.jpg\u00bb parallax=\u00bbon\u00bb parallax_method=\u00bboff\u00bb custom_padding=\u00bb0px||||false|false\u00bb global_colors_info=\u00bb{}\u00bb][et_pb_row column_structure=\u00bb1_2,1_2&#8243; _builder_version=\u00bb4.27.4&#8243; _module_preset=\u00bbdefault\u00bb custom_padding=\u00bb0px||||false|false\u00bb global_colors_info=\u00bb{}\u00bb][et_pb_column type=\u00bb1_2&#8243; _builder_version=\u00bb4.27.4&#8243; _module_preset=\u00bbdefault\u00bb global_colors_info=\u00bb{}\u00bb][et_pb_text _builder_version=\u00bb4.27.4&#8243; _module_preset=\u00bbdefault\u00bb global_colors_info=\u00bb{}\u00bb]<\/p>\n<p>&nbsp;<\/p>\n<p><span style=\"color: #e02b20;\"><strong>IMPORTANTE<\/strong><\/span>. Este Canal de Denuncias est\u00e1 exclusivamente dirigido a recoger denuncias sobre conductas irregulares dentro de HASA Asistencial y que vayan en contra del C\u00f3digo \u00c9tico de la entidad. NO est\u00e1 destinado a recoger sugerencias, comentarios o consultas sobre las actividades de la empresa. En ese caso se puede utilizar el formulario de M\u00e1s informaci\u00f3n de la Web.<\/p>\n<p>Tal y como se recoge en el <strong>Procedimiento del Canal de Denuncia<\/strong>s, el objetivo de este canal es que cualquier persona u organizaci\u00f3n pueda denunciar y\/o comunicar cualquier posible conducta irregular, poco \u00e9tica o inapropiada de cualquier persona que est\u00e9 empleada, represente y\/o participe de alguna forma en HASA Asistencial. Por ello, animamos a empleados\/as, clientes, proveedores o cualquier persona que tenga contacto con nuestros servicios a comunicarse con nosotros y hacernos llegar sus sugerencias, denuncias o cualquier indicio relativo a lo anteriormente mencionado que pueda sernos de utilidad.<\/p>\n<p>Este canal asegura una comunicaci\u00f3n confidencial de las denuncias presentadas ya que se pone a su disposici\u00f3n un servicio jur\u00eddico externo a la empresa que velar\u00e1 por la imparcialidad, confidencialidad y anonimato de las denuncias.<br \/>Para poder hacer efectiva la labor jur\u00eddica, agradecemos que nos indique cualquier tipo de detalle de que disponga (fechas, nombre, lugares, etc.) que pueda ayudarnos en un posible proceso de investigaci\u00f3n interno a fin de tener las m\u00e1ximas evidencias posibles.<\/p>\n<p><strong>Informaci\u00f3n de contacto<\/strong><\/p>\n<p>Las denuncias se podr\u00e1n realizar de manera an\u00f3nima. No obstante, para poder realizar un seguimiento adecuado, se solicitar\u00e1 informaci\u00f3n para contactar con el denunciante, siendo decisi\u00f3n del denunciante proporcionarla o realizar la denuncia de forma totalmente an\u00f3nima.<\/p>\n<p>[\/et_pb_text][\/et_pb_column][et_pb_column type=\u00bb1_2&#8243; _builder_version=\u00bb4.27.4&#8243; _module_preset=\u00bbdefault\u00bb global_colors_info=\u00bb{}\u00bb][et_pb_text _builder_version=\u00bb4.27.4&#8243; _module_preset=\u00bbdefault\u00bb global_colors_info=\u00bb{}\u00bb]<\/p>\n<div class=\"et_pb_module et_pb_text et_pb_text_7 et_pb_text_align_left et_pb_bg_layout_light et_had_animation\">\n<div class=\"et_pb_text_inner\">\n<h2><\/h2>\n<h2><\/h2>\n<h2><\/h2>\n<h2><span style=\"color: #303180;\"><strong>Formulario de Denuncias<\/strong><\/span><\/h2>\n<\/div>\n<\/div>\n<div class=\"et_pb_module et_pb_text et_pb_text_8  et_pb_text_align_left et_pb_bg_layout_light\">\n<div class=\"et_pb_text_inner\">\n<p>Si desea aportar documentaci\u00f3n (im\u00e1genes, documentos, etc \u2026) puede realizarlo mandando un mail a<span>\u00a0<\/span><a href=\"mailto:info@hasaasistencial.com\">info@hasaasistencial.com<\/a><span>\u00a0<\/span>indicando los siguientes datos:<\/p>\n<ul>\n<li><span><strong>Nombre y apellidos:<\/strong><\/span><span>\u00a0<\/span>OPCIONAL<\/li>\n<li><span><strong>Tel\u00e9fono:<\/strong><\/span><span>\u00a0<\/span>OPCIONAL<\/li>\n<li><span><strong>Relaci\u00f3n con la empresa:<\/strong><\/span><span>\u00a0<\/span>Trabajador de HASA \u2013 Proveedor de HASA \u2013 Empresario cliente de HASA \u2013 Trabajador de empresa cliente de HASA \u2013 Otro<\/li>\n<li><span><strong>Hecho a denunciar\u00a0<\/strong><\/span><\/li>\n<li><span><strong>Adjuntar archivo si fuera necesario<\/strong><\/span><\/li>\n<li><a href=\"https:\/\/hasaasistencial.com\/?page_id=107\">Pol\u00edtica de privacidad\u00a0<span>\u00a0<\/span><\/a>(S\u00ed acepto la pol\u00edtica de privacidad. \/ No acepto la pol\u00edtica de privacidad.)<\/li>\n<\/ul>\n<p>&nbsp;<\/p>\n<\/div>\n<\/div>\n<p>[\/et_pb_text][\/et_pb_column][\/et_pb_row][\/et_pb_section]<\/p>\n","protected":false},"excerpt":{"rendered":"<p>Canal de Denuncias&nbsp; IMPORTANTE. Este Canal de Denuncias est\u00e1 exclusivamente dirigido a recoger denuncias sobre conductas irregulares dentro de HASA Asistencial y que vayan en contra del C\u00f3digo \u00c9tico de la entidad. NO est\u00e1 destinado a recoger sugerencias, comentarios o consultas sobre las actividades de la empresa. En ese caso se puede utilizar el formulario [&hellip;]<\/p>\n","protected":false},"author":2,"featured_media":0,"parent":0,"menu_order":0,"comment_status":"closed","ping_status":"closed","template":"","meta":{"_et_pb_use_builder":"on","_et_pb_old_content":"","_et_gb_content_width":"","footnotes":""},"class_list":["post-116","page","type-page","status-publish","hentry"],"_links":{"self":[{"href":"https:\/\/hasaasistencial.com\/index.php?rest_route=\/wp\/v2\/pages\/116","targetHints":{"allow":["GET"]}}],"collection":[{"href":"https:\/\/hasaasistencial.com\/index.php?rest_route=\/wp\/v2\/pages"}],"about":[{"href":"https:\/\/hasaasistencial.com\/index.php?rest_route=\/wp\/v2\/types\/page"}],"author":[{"embeddable":true,"href":"https:\/\/hasaasistencial.com\/index.php?rest_route=\/wp\/v2\/users\/2"}],"replies":[{"embeddable":true,"href":"https:\/\/hasaasistencial.com\/index.php?rest_route=%2Fwp%2Fv2%2Fcomments&post=116"}],"version-history":[{"count":4,"href":"https:\/\/hasaasistencial.com\/index.php?rest_route=\/wp\/v2\/pages\/116\/revisions"}],"predecessor-version":[{"id":127,"href":"https:\/\/hasaasistencial.com\/index.php?rest_route=\/wp\/v2\/pages\/116\/revisions\/127"}],"wp:attachment":[{"href":"https:\/\/hasaasistencial.com\/index.php?rest_route=%2Fwp%2Fv2%2Fmedia&parent=116"}],"curies":[{"name":"wp","href":"https:\/\/api.w.org\/{rel}","templated":true}]}}